
{"id":16,"date":"2020-11-02T14:48:38","date_gmt":"2020-11-02T13:48:38","guid":{"rendered":"https:\/\/przedszkole113.edu.wroclaw.pl\/?page_id=16"},"modified":"2025-09-17T17:55:46","modified_gmt":"2025-09-17T15:55:46","slug":"strona-glowna","status":"publish","type":"page","link":"https:\/\/przedszkole113.edu.wroclaw.pl\/","title":{"rendered":"Strona g\u0142\u00f3wna"},"content":{"rendered":"<div class=\"wpb-content-wrapper\"><p>[vc_row css_animation=&#8221;appear&#8221;][vc_column][vc_column_text css=&#8221;.vc_custom_1604484506992{margin-bottom: -10px !important;}&#8221;]<\/p>\n<p style=\"text-align: center\"><span style=\"font-size: 24pt\">Informacje o przedszkolu<\/span><\/p>\n<p>[\/vc_column_text][vc_zigzag color=&#8221;custom&#8221; el_width=&#8221;40&#8243; custom_color=&#8221;#8b3371&#8243;][\/vc_column][\/vc_row][vc_row css=&#8221;.vc_custom_1604484586005{margin-top: 10px !important;}&#8221;][vc_column css_animation=&#8221;left-to-right&#8221; width=&#8221;1\/2&#8243;][vc_column_text css=&#8221;&#8221;]<span style=\"font-size: 14pt\">Przedszkole znajduje si\u0119 w dzielnicy Fabryczna. Usytuowane jest w okolicy Parku Zachodniego, przy ci\u0105gu komunikacyjnym linii tramwajowych nr 3, 10, 20, 33 (obok DH Astra) oraz autobusowej nr 126.<\/span><\/p>\n<p><span style=\"font-size: 14pt\">Posiada ogr\u00f3d (o powierzchni 0,5 h) z pi\u0119knymi platanami wyposa\u017cony w urz\u0105dzenia jordanowskie.<\/span><\/p>\n<p><span style=\"font-size: 14pt\">W budynku znajduj\u0105 si\u0119 du\u017ce, przestrzenne sale.<\/span><\/p>\n<p><span style=\"font-size: 14pt\">Ka\u017cda sala posiada dodatkowe wyj\u015bcia ewakuacyjne.<\/span><\/p>\n<p><span style=\"font-size: 14pt\">W przedszkolu jest 5 oddzia\u0142\u00f3w przedszkolnych, ucz\u0119szczaj\u0105 do nich dzieci w wieku 3 \u2013 7 lat. W ka\u017cdej grupie wiekowej pracuj\u0105 2 lub 3 nauczycielki (w systemie zmianowym), w grupach najm\u0142odszych, opr\u00f3cz nauczycielek \u2013 pomoc nauczyciela.<\/span><\/p>\n<p><span style=\"font-size: 14pt\">Do ka\u017cdej grupy wiekowej przydzielone s\u0105:<\/span><\/p>\n<ul>\n<li><span style=\"font-size: 14pt\">sala do zaj\u0119\u0107 dydaktycznych<\/span><\/li>\n<li><span style=\"font-size: 14pt\">\u0142azienka<\/span><\/li>\n<li><span style=\"font-size: 14pt\">miejsce wyznaczone w szatni<\/span><\/li>\n<\/ul>\n<p><span style=\"font-size: 14pt\">U nas nie mo\u017cna si\u0119 nudzi\u0107, dzieci ucz\u0119szczaj\u0105ce do naszej plac\u00f3wki mi\u0119dzy innymi:<\/span><\/p>\n<ul>\n<li><span style=\"font-size: 14pt\">wsp\u00f3lnie bawi\u0105 si\u0119 i ucz\u0105<\/span><\/li>\n<li><span style=\"font-size: 14pt\">wystawiaj\u0105 przedstawienia teatralne, widowiska muzyczne i taneczne<\/span><\/li>\n<li><span style=\"font-size: 14pt\">uczestnicz\u0105 w licznych konkursach i wystawach plastycznych<\/span><\/li>\n<li><span style=\"font-size: 14pt\">ucz\u0105 si\u0119 obcowania ze sztuk\u0105 poprzez wizyty w kinie, teatrze, muzeum<\/span><\/li>\n<li><span style=\"font-size: 14pt\">uczestnicz\u0105 w wycieczkach autokarowych do r\u00f3\u017cnych ciekawych miejsc(wiejska zagroda, wycieczki do lasu)<\/span><\/li>\n<li><span style=\"font-size: 14pt\">wycieczki plenerowe, maj\u0105ce na celu bli\u017csze poznanie otoczenia oraz osobliwo\u015bci miasta Wroc\u0142awia<\/span><\/li>\n<li><span style=\"font-size: 14pt\">uczestnicz\u0105 w zaj\u0119ciach dodatkowych (gimnastyce korekcyjnej, zaj\u0119ciach z logopedii, warsztatach plastycznych, k\u00f3\u0142ku matematycznym, warsztatach teatralnych, kole przyjaci\u00f3\u0142 Wroc\u0142awia, j\u0119zyku niemieckim).<\/span><\/li>\n<\/ul>\n<p><span style=\"font-size: 14pt\"><strong>Dzieci w przedszkolu nie le\u017cakuj\u0105.<\/strong>\u00a0<\/span>[\/vc_column_text][\/vc_column][vc_column width=&#8221;1\/2&#8243;][vc_single_image image=&#8221;235&#8243; img_size=&#8221;large&#8221; alignment=&#8221;center&#8221; style=&#8221;vc_box_outline&#8221; onclick=&#8221;img_link_large&#8221; css_animation=&#8221;right-to-left&#8221;][vc_single_image image=&#8221;236&#8243; img_size=&#8221;large&#8221; alignment=&#8221;center&#8221; style=&#8221;vc_box_outline&#8221; onclick=&#8221;img_link_large&#8221; css_animation=&#8221;right-to-left&#8221;][\/vc_column][\/vc_row][vc_row css_animation=&#8221;fadeInDown&#8221;][vc_column][vc_empty_space][vc_column_text css=&#8221;.vc_custom_1677845141749{margin-bottom: -10px !important;}&#8221;]<\/p>\n<p style=\"text-align: center\"><span style=\"font-size: 24pt\">Wirtualny spacer<\/span><\/p>\n<p>[\/vc_column_text][vc_zigzag color=&#8221;custom&#8221; el_width=&#8221;40&#8243; custom_color=&#8221;#8b3371&#8243;][vc_column_text]<\/p>\n<div style=\"width: 640px;\" class=\"wp-video\"><video class=\"wp-video-shortcode\" id=\"video-16-1\" width=\"640\" height=\"360\" preload=\"metadata\" controls=\"controls\"><source type=\"video\/mp4\" src=\"https:\/\/przedszkole113.edu.wroclaw.pl\/wp-content\/uploads\/sites\/50\/2023\/03\/Przedszkole-113.mp4?_=1\" \/><a href=\"https:\/\/przedszkole113.edu.wroclaw.pl\/wp-content\/uploads\/sites\/50\/2023\/03\/Przedszkole-113.mp4\">https:\/\/przedszkole113.edu.wroclaw.pl\/wp-content\/uploads\/sites\/50\/2023\/03\/Przedszkole-113.mp4<\/a><\/video><\/div>\n<p>[\/vc_column_text][\/vc_column][\/vc_row][vc_row css_animation=&#8221;fadeInDown&#8221;][vc_column][vc_empty_space][vc_column_text css=&#8221;.vc_custom_1604484098478{margin-bottom: -10px !important;}&#8221;]<\/p>\n<p style=\"text-align: center\"><span style=\"font-size: 24pt\">Aktualno\u015bci<\/span><\/p>\n<p>[\/vc_column_text][vc_zigzag color=&#8221;custom&#8221; el_width=&#8221;40&#8243; custom_color=&#8221;#8b3371&#8243;][\/vc_column][\/vc_row][vc_row css_animation=&#8221;fadeInUp&#8221;][vc_column][vc_basic_grid post_type=&#8221;post&#8221; max_items=&#8221;4&#8243; style=&#8221;load-more&#8221; items_per_page=&#8221;4&#8243; element_width=&#8221;3&#8243; grid_id=&#8221;vc_gid:1758124498224-b3c477ca-d9e6-6&#8243; taxonomies=&#8221;3&#8243;][\/vc_column][\/vc_row]<\/p>\n<\/div>","protected":false},"excerpt":{"rendered":"<p>[vc_row css_animation=&#8221;appear&#8221;][vc_column][vc_column_text css=&#8221;.vc_custom_1604484506992{margin-bottom: -10px !important;}&#8221;] Informacje o przedszkolu [\/vc_column_text][vc_zigzag color=&#8221;custom&#8221; el_width=&#8221;40&#8243; custom_color=&#8221;#8b3371&#8243;][\/vc_column][\/vc_row][vc_row css=&#8221;.vc_custom_1604484586005{margin-top: 10px !important;}&#8221;][vc_column css_animation=&#8221;left-to-right&#8221; width=&#8221;1\/2&#8243;][vc_column_text css=&#8221;&#8221;]Przedszkole znajduje si\u0119 w dzielnicy Fabryczna. Usytuowane jest w okolicy Parku Zachodniego, przy [&hellip;]<\/p>\n","protected":false},"author":72,"featured_media":0,"parent":0,"menu_order":0,"comment_status":"closed","ping_status":"closed","template":"","meta":{"ngg_post_thumbnail":0,"footnotes":""},"class_list":["post-16","page","type-page","status-publish","hentry","clearfix"],"_links":{"self":[{"href":"https:\/\/przedszkole113.edu.wroclaw.pl\/index.php\/wp-json\/wp\/v2\/pages\/16","targetHints":{"allow":["GET"]}}],"collection":[{"href":"https:\/\/przedszkole113.edu.wroclaw.pl\/index.php\/wp-json\/wp\/v2\/pages"}],"about":[{"href":"https:\/\/przedszkole113.edu.wroclaw.pl\/index.php\/wp-json\/wp\/v2\/types\/page"}],"author":[{"embeddable":true,"href":"https:\/\/przedszkole113.edu.wroclaw.pl\/index.php\/wp-json\/wp\/v2\/users\/72"}],"replies":[{"embeddable":true,"href":"https:\/\/przedszkole113.edu.wroclaw.pl\/index.php\/wp-json\/wp\/v2\/comments?post=16"}],"version-history":[{"count":35,"href":"https:\/\/przedszkole113.edu.wroclaw.pl\/index.php\/wp-json\/wp\/v2\/pages\/16\/revisions"}],"predecessor-version":[{"id":2099,"href":"https:\/\/przedszkole113.edu.wroclaw.pl\/index.php\/wp-json\/wp\/v2\/pages\/16\/revisions\/2099"}],"wp:attachment":[{"href":"https:\/\/przedszkole113.edu.wroclaw.pl\/index.php\/wp-json\/wp\/v2\/media?parent=16"}],"curies":[{"name":"wp","href":"https:\/\/api.w.org\/{rel}","templated":true}]}}

Strona główna

<div class="wpb-content-wrapper"><p>[vc_row css_animation=&#8221;appear&#8221;][vc_column][vc_column_text css=&#8221;.vc_custom_1604484506992{margin-bottom: -10px !important;}&#8221;]</p>
<p style="text-align: center"><span style="font-size: 24pt">Informacje o przedszkolu</span></p>
<p>[/vc_column_text][vc_zigzag color=&#8221;custom&#8221; el_width=&#8221;40&#8243; custom_color=&#8221;#8b3371&#8243;][/vc_column][/vc_row][vc_row css=&#8221;.vc_custom_1604484586005{margin-top: 10px !important;}&#8221;][vc_column css_animation=&#8221;left-to-right&#8221; width=&#8221;1/2&#8243;][vc_column_text css=&#8221;&#8221;]<span style="font-size: 14pt">Przedszkole znajduje się w dzielnicy Fabryczna. Usytuowane jest w okolicy Parku Zachodniego, przy ciągu komunikacyjnym linii tramwajowych nr 3, 10, 20, 33 (obok DH Astra) oraz autobusowej nr 126.</span></p>
<p><span style="font-size: 14pt">Posiada ogród (o powierzchni 0,5 h) z pięknymi platanami wyposażony w urządzenia jordanowskie.</span></p>
<p><span style="font-size: 14pt">W budynku znajdują się duże, przestrzenne sale.</span></p>
<p><span style="font-size: 14pt">Każda sala posiada dodatkowe wyjścia ewakuacyjne.</span></p>
<p><span style="font-size: 14pt">W przedszkolu jest 5 oddziałów przedszkolnych, uczęszczają do nich dzieci w wieku 3 – 7 lat. W każdej grupie wiekowej pracują 2 lub 3 nauczycielki (w systemie zmianowym), w grupach najmłodszych, oprócz nauczycielek – pomoc nauczyciela.</span></p>
<p><span style="font-size: 14pt">Do każdej grupy wiekowej przydzielone są:</span></p>
<ul>
<li><span style="font-size: 14pt">sala do zajęć dydaktycznych</span></li>
<li><span style="font-size: 14pt">łazienka</span></li>
<li><span style="font-size: 14pt">miejsce wyznaczone w szatni</span></li>
</ul>
<p><span style="font-size: 14pt">U nas nie można się nudzić, dzieci uczęszczające do naszej placówki między innymi:</span></p>
<ul>
<li><span style="font-size: 14pt">wspólnie bawią się i uczą</span></li>
<li><span style="font-size: 14pt">wystawiają przedstawienia teatralne, widowiska muzyczne i taneczne</span></li>
<li><span style="font-size: 14pt">uczestniczą w licznych konkursach i wystawach plastycznych</span></li>
<li><span style="font-size: 14pt">uczą się obcowania ze sztuką poprzez wizyty w kinie, teatrze, muzeum</span></li>
<li><span style="font-size: 14pt">uczestniczą w wycieczkach autokarowych do różnych ciekawych miejsc(wiejska zagroda, wycieczki do lasu)</span></li>
<li><span style="font-size: 14pt">wycieczki plenerowe, mające na celu bliższe poznanie otoczenia oraz osobliwości miasta Wrocławia</span></li>
<li><span style="font-size: 14pt">uczestniczą w zajęciach dodatkowych (gimnastyce korekcyjnej, zajęciach z logopedii, warsztatach plastycznych, kółku matematycznym, warsztatach teatralnych, kole przyjaciół Wrocławia, języku niemieckim).</span></li>
</ul>
<p><span style="font-size: 14pt"><strong>Dzieci w przedszkolu nie leżakują.</strong> </span>[/vc_column_text][/vc_column][vc_column width=&#8221;1/2&#8243;][vc_single_image image=&#8221;235&#8243; img_size=&#8221;large&#8221; alignment=&#8221;center&#8221; style=&#8221;vc_box_outline&#8221; onclick=&#8221;img_link_large&#8221; css_animation=&#8221;right-to-left&#8221;][vc_single_image image=&#8221;236&#8243; img_size=&#8221;large&#8221; alignment=&#8221;center&#8221; style=&#8221;vc_box_outline&#8221; onclick=&#8221;img_link_large&#8221; css_animation=&#8221;right-to-left&#8221;][/vc_column][/vc_row][vc_row css_animation=&#8221;fadeInDown&#8221;][vc_column][vc_empty_space][vc_column_text css=&#8221;.vc_custom_1677845141749{margin-bottom: -10px !important;}&#8221;]</p>
<p style="text-align: center"><span style="font-size: 24pt">Wirtualny spacer</span></p>
<p>[/vc_column_text][vc_zigzag color=&#8221;custom&#8221; el_width=&#8221;40&#8243; custom_color=&#8221;#8b3371&#8243;][vc_column_text]</p>
<div style="width: 640px;" class="wp-video"><video class="wp-video-shortcode" id="video-16-1" width="640" height="360" preload="metadata" controls="controls"><source type="video/mp4" src="https://przedszkole113.edu.wroclaw.pl/wp-content/uploads/sites/50/2023/03/Przedszkole-113.mp4?_=1" /><a href="https://przedszkole113.edu.wroclaw.pl/wp-content/uploads/sites/50/2023/03/Przedszkole-113.mp4">https://przedszkole113.edu.wroclaw.pl/wp-content/uploads/sites/50/2023/03/Przedszkole-113.mp4</a></video></div>
<p>[/vc_column_text][/vc_column][/vc_row][vc_row css_animation=&#8221;fadeInDown&#8221;][vc_column][vc_empty_space][vc_column_text css=&#8221;.vc_custom_1604484098478{margin-bottom: -10px !important;}&#8221;]</p>
<p style="text-align: center"><span style="font-size: 24pt">Aktualności</span></p>
<p>[/vc_column_text][vc_zigzag color=&#8221;custom&#8221; el_width=&#8221;40&#8243; custom_color=&#8221;#8b3371&#8243;][/vc_column][/vc_row][vc_row css_animation=&#8221;fadeInUp&#8221;][vc_column][vc_basic_grid post_type=&#8221;post&#8221; max_items=&#8221;4&#8243; style=&#8221;load-more&#8221; items_per_page=&#8221;4&#8243; element_width=&#8221;3&#8243; grid_id=&#8221;vc_gid:1758124498224-b3c477ca-d9e6-6&#8243; taxonomies=&#8221;3&#8243;][/vc_column][/vc_row]</p>
</div>

<p>[vc_row css_animation=&#8221;appear&#8221;][vc_column][vc_column_text css=&#8221;.vc_custom_1604484506992{margin-bottom: -10px !important;}&#8221;] Informacje o przedszkolu [/vc_column_text][vc_zigzag color=&#8221;custom&#8221; el_width=&#8221;40&#8243; custom_color=&#8221;#8b3371&#8243;][/vc_column][/vc_row][vc_row css=&#8221;.vc_custom_1604484586005{margin-top: 10px !important;}&#8221;][vc_column css_animation=&#8221;left-to-right&#8221; width=&#8221;1/2&#8243;][vc_column_text css=&#8221;&#8221;]Przedszkole znajduje się w dzielnicy Fabryczna. Usytuowane jest w okolicy Parku Zachodniego, przy [&hellip;]</p>
