
{"id":23,"date":"2020-11-02T14:50:10","date_gmt":"2020-11-02T13:50:10","guid":{"rendered":"https:\/\/przedszkole113.edu.wroclaw.pl\/?page_id=23"},"modified":"2025-09-30T15:54:42","modified_gmt":"2025-09-30T13:54:42","slug":"pliki","status":"publish","type":"page","link":"https:\/\/przedszkole113.edu.wroclaw.pl\/index.php\/pliki\/","title":{"rendered":"Pliki"},"content":{"rendered":"<div class=\"wpb-content-wrapper\"><p>[vc_row][vc_column][vc_column_text css=&#8221;&#8221;]<span style=\"font-size: 14pt;color: #3366ff\"><a style=\"color: #3366ff\" href=\"https:\/\/przedszkole113.edu.wroclaw.pl\/wp-content\/uploads\/sites\/50\/2024\/08\/Standardy-ochrony-dzieci.pdf\">Standardy oc<\/a><\/span><span style=\"font-size: 14pt\"><span style=\"color: #3366ff\"><a href=\"https:\/\/przedszkole113.edu.wroclaw.pl\/wp-content\/uploads\/sites\/50\/2024\/08\/Standardy-ochrony-dzieci.pdf\"><span style=\"color: #3366ff\">hrony dzieci<\/span><\/a><\/span><\/span><\/p>\n<p><span style=\"font-size: 14pt\"><span style=\"color: #3366ff\"><a href=\"https:\/\/przedszkole113.edu.wroclaw.pl\/wp-content\/uploads\/sites\/50\/2024\/08\/xSTANDARDY-OCHRONY-DZIECI-W-PRZEDSZKOLU-nr-113-we-Wroclawiu_01.08.2024-2.pdf\"><span style=\"color: #3366ff\">STANDARDY<\/span> <span style=\"color: #3366ff\">OCHRONY DZIECI W PRZEDSZKOLU nr 113 we Wroc\u0142awiu<\/span><\/a><\/span><\/span><\/p>\n<p><span style=\"font-size: 14pt\"><span style=\"color: #3366ff\"><a href=\"https:\/\/przedszkole113.edu.wroclaw.pl\/wp-content\/uploads\/sites\/50\/2025\/09\/xxROCZNY-PLAN-PRACY-2025-2026.pdf\">ROCZNY PLAN PRACY 2025\/ 2026.<\/a><\/span><\/span><\/p>\n<p><span style=\"font-size: 14pt\"><span style=\"color: #3366ff\"><a href=\"https:\/\/przedszkole113.edu.wroclaw.pl\/wp-content\/uploads\/sites\/50\/2024\/08\/Obwieszczenie-Ministra-Edukacji-z-dnia-27-lutego-2024-1.pdf\">Obwieszczenie Ministra Edukacji z dnia 27 lutego 2024<\/a><\/span><\/span><\/p>\n<p><span style=\"font-size: 14pt;color: #000080\"><span style=\"color: #3366ff\"><a href=\"https:\/\/przedszkole113.edu.wroclaw.pl\/wp-content\/uploads\/sites\/50\/2024\/09\/PROGRAM-WLASNY-Wroclaw.pdf\">..PROGRAM W\u0141ASNY Wroc\u0142aw\u00a0\u00a0\u00a0 <\/a><\/span><\/span><\/p>\n<p><span style=\"font-size: 14pt;color: #000080\"><span style=\"color: #3366ff\"><a href=\"https:\/\/przedszkole113.edu.wroclaw.pl\/wp-content\/uploads\/sites\/50\/2024\/09\/PROGRAM-WLASNY-Przedszkolni-Ekolodzy.pdf\">..PROGRAM W\u0141ASNY Przedszkolni Ekolodzy<\/a><\/span><\/span><\/p>\n<p><span style=\"font-size: 14pt;color: #000080\"><span style=\"color: #3366ff\"><a href=\"https:\/\/przedszkole113.edu.wroclaw.pl\/wp-content\/uploads\/sites\/50\/2024\/08\/wniosek-zwolnienie-z-oplat.pdf\">wniosek &#8211; zwolnienie &#8211; z &#8211; op\u0142at<\/a><\/span><\/span><\/p>\n<p><span style=\"font-size: 14pt\"><a href=\"https:\/\/przedszkole113.edu.wroclaw.pl\/wp-content\/uploads\/sites\/50\/2024\/09\/program-wlasny-Przedszkolak-wie-co-jest-zdrowe-a-co-nie.pdf\">. Program w\u0142asny Przedszkolak wie co jest zdrowe a co nie<\/a><\/span><\/p>\n<p><span style=\"font-size: 14pt\"><a href=\"https:\/\/przedszkole113.edu.wroclaw.pl\/wp-content\/uploads\/sites\/50\/2024\/09\/program-wlasny-Przedszkolak-wie-jak-wirusom-nie-dac-sie.pdf\">. Program w\u0142asny Przedszkolak wie jak wirusom nie da\u0107 si\u0119<\/a><\/span><\/p>\n<p><span style=\"font-size: 14pt\"><a href=\"https:\/\/przedszkole113.edu.wroclaw.pl\/wp-content\/uploads\/sites\/50\/2024\/09\/Zal.-9.-Karta-do-odbioru-dziecka-z-przedszkola.pdf\">Za\u0142. 9. Karta do odbioru dziecka z przedszkola<\/a><\/span><\/p>\n<p><span style=\"font-size: 14pt\"><a href=\"https:\/\/przedszkole113.edu.wroclaw.pl\/wp-content\/uploads\/sites\/50\/2020\/11\/Nowa-Podstawa-programowa-wych.-przedszk..pdf\" target=\"_blank\" rel=\"noopener noreferrer\">Nowa podstawa programowa wychowania przedszkolnego &#8211; dokument w formacie pdf<\/a><\/span><\/p>\n<p><a href=\"https:\/\/przedszkole113.edu.wroclaw.pl\/wp-content\/uploads\/sites\/50\/2024\/03\/Uchwala-Rady-Miejskiej-Wroclawia-1.pdf\"><span style=\"color: #3366ff\"><span style=\"font-size: 14pt\">Uchwa\u0142a Rady Miejskiej Wroc\u0142aw<\/span><\/span><\/a>[\/vc_column_text][\/vc_column][\/vc_row]<\/p>\n<\/div>","protected":false},"excerpt":{"rendered":"<p>[vc_row][vc_column][vc_column_text css=&#8221;&#8221;]Standardy ochrony dzieci STANDARDY OCHRONY DZIECI W PRZEDSZKOLU nr 113 we Wroc\u0142awiu ROCZNY PLAN PRACY 2025\/ 2026. Obwieszczenie Ministra Edukacji z dnia 27 lutego 2024 ..PROGRAM W\u0141ASNY Wroc\u0142aw\u00a0\u00a0\u00a0 ..PROGRAM [&hellip;]<\/p>\n","protected":false},"author":72,"featured_media":0,"parent":0,"menu_order":0,"comment_status":"closed","ping_status":"closed","template":"","meta":{"ngg_post_thumbnail":0,"footnotes":""},"class_list":["post-23","page","type-page","status-publish","hentry","clearfix"],"_links":{"self":[{"href":"https:\/\/przedszkole113.edu.wroclaw.pl\/index.php\/wp-json\/wp\/v2\/pages\/23","targetHints":{"allow":["GET"]}}],"collection":[{"href":"https:\/\/przedszkole113.edu.wroclaw.pl\/index.php\/wp-json\/wp\/v2\/pages"}],"about":[{"href":"https:\/\/przedszkole113.edu.wroclaw.pl\/index.php\/wp-json\/wp\/v2\/types\/page"}],"author":[{"embeddable":true,"href":"https:\/\/przedszkole113.edu.wroclaw.pl\/index.php\/wp-json\/wp\/v2\/users\/72"}],"replies":[{"embeddable":true,"href":"https:\/\/przedszkole113.edu.wroclaw.pl\/index.php\/wp-json\/wp\/v2\/comments?post=23"}],"version-history":[{"count":45,"href":"https:\/\/przedszkole113.edu.wroclaw.pl\/index.php\/wp-json\/wp\/v2\/pages\/23\/revisions"}],"predecessor-version":[{"id":2109,"href":"https:\/\/przedszkole113.edu.wroclaw.pl\/index.php\/wp-json\/wp\/v2\/pages\/23\/revisions\/2109"}],"wp:attachment":[{"href":"https:\/\/przedszkole113.edu.wroclaw.pl\/index.php\/wp-json\/wp\/v2\/media?parent=23"}],"curies":[{"name":"wp","href":"https:\/\/api.w.org\/{rel}","templated":true}]}}

<div class="wpb-content-wrapper"><p>[vc_row][vc_column][vc_column_text css=&#8221;&#8221;]<span style="font-size: 14pt;color: #3366ff"><a style="color: #3366ff" href="https://przedszkole113.edu.wroclaw.pl/wp-content/uploads/sites/50/2024/08/Standardy-ochrony-dzieci.pdf">Standardy oc</a></span><span style="font-size: 14pt"><span style="color: #3366ff"><a href="https://przedszkole113.edu.wroclaw.pl/wp-content/uploads/sites/50/2024/08/Standardy-ochrony-dzieci.pdf"><span style="color: #3366ff">hrony dzieci</span></a></span></span></p>
<p><span style="font-size: 14pt"><span style="color: #3366ff"><a href="https://przedszkole113.edu.wroclaw.pl/wp-content/uploads/sites/50/2024/08/xSTANDARDY-OCHRONY-DZIECI-W-PRZEDSZKOLU-nr-113-we-Wroclawiu_01.08.2024-2.pdf"><span style="color: #3366ff">STANDARDY</span> <span style="color: #3366ff">OCHRONY DZIECI W PRZEDSZKOLU nr 113 we Wrocławiu</span></a></span></span></p>
<p><span style="font-size: 14pt"><span style="color: #3366ff"><a href="https://przedszkole113.edu.wroclaw.pl/wp-content/uploads/sites/50/2025/09/xxROCZNY-PLAN-PRACY-2025-2026.pdf">ROCZNY PLAN PRACY 2025/ 2026.</a></span></span></p>
<p><span style="font-size: 14pt"><span style="color: #3366ff"><a href="https://przedszkole113.edu.wroclaw.pl/wp-content/uploads/sites/50/2024/08/Obwieszczenie-Ministra-Edukacji-z-dnia-27-lutego-2024-1.pdf">Obwieszczenie Ministra Edukacji z dnia 27 lutego 2024</a></span></span></p>
<p><span style="font-size: 14pt;color: #000080"><span style="color: #3366ff"><a href="https://przedszkole113.edu.wroclaw.pl/wp-content/uploads/sites/50/2024/09/PROGRAM-WLASNY-Wroclaw.pdf">..PROGRAM WŁASNY Wrocław    </a></span></span></p>
<p><span style="font-size: 14pt;color: #000080"><span style="color: #3366ff"><a href="https://przedszkole113.edu.wroclaw.pl/wp-content/uploads/sites/50/2024/09/PROGRAM-WLASNY-Przedszkolni-Ekolodzy.pdf">..PROGRAM WŁASNY Przedszkolni Ekolodzy</a></span></span></p>
<p><span style="font-size: 14pt;color: #000080"><span style="color: #3366ff"><a href="https://przedszkole113.edu.wroclaw.pl/wp-content/uploads/sites/50/2024/08/wniosek-zwolnienie-z-oplat.pdf">wniosek &#8211; zwolnienie &#8211; z &#8211; opłat</a></span></span></p>
<p><span style="font-size: 14pt"><a href="https://przedszkole113.edu.wroclaw.pl/wp-content/uploads/sites/50/2024/09/program-wlasny-Przedszkolak-wie-co-jest-zdrowe-a-co-nie.pdf">. Program własny Przedszkolak wie co jest zdrowe a co nie</a></span></p>
<p><span style="font-size: 14pt"><a href="https://przedszkole113.edu.wroclaw.pl/wp-content/uploads/sites/50/2024/09/program-wlasny-Przedszkolak-wie-jak-wirusom-nie-dac-sie.pdf">. Program własny Przedszkolak wie jak wirusom nie dać się</a></span></p>
<p><span style="font-size: 14pt"><a href="https://przedszkole113.edu.wroclaw.pl/wp-content/uploads/sites/50/2024/09/Zal.-9.-Karta-do-odbioru-dziecka-z-przedszkola.pdf">Zał. 9. Karta do odbioru dziecka z przedszkola</a></span></p>
<p><span style="font-size: 14pt"><a href="https://przedszkole113.edu.wroclaw.pl/wp-content/uploads/sites/50/2020/11/Nowa-Podstawa-programowa-wych.-przedszk..pdf" target="_blank" rel="noopener noreferrer">Nowa podstawa programowa wychowania przedszkolnego &#8211; dokument w formacie pdf</a></span></p>
<p><a href="https://przedszkole113.edu.wroclaw.pl/wp-content/uploads/sites/50/2024/03/Uchwala-Rady-Miejskiej-Wroclawia-1.pdf"><span style="color: #3366ff"><span style="font-size: 14pt">Uchwała Rady Miejskiej Wrocław</span></span></a>[/vc_column_text][/vc_column][/vc_row]</p>
</div>

<p>[vc_row][vc_column][vc_column_text css=&#8221;&#8221;]Standardy ochrony dzieci STANDARDY OCHRONY DZIECI W PRZEDSZKOLU nr 113 we Wrocławiu ROCZNY PLAN PRACY 2025/ 2026. Obwieszczenie Ministra Edukacji z dnia 27 lutego 2024 ..PROGRAM WŁASNY Wrocław    ..PROGRAM [&hellip;]</p>
