
{"id":36,"date":"2020-11-03T09:30:00","date_gmt":"2020-11-03T08:30:00","guid":{"rendered":"https:\/\/przedszkole113.edu.wroclaw.pl\/?page_id=36"},"modified":"2025-09-16T20:09:06","modified_gmt":"2025-09-16T18:09:06","slug":"nasze-mocne-strony","status":"publish","type":"page","link":"https:\/\/przedszkole113.edu.wroclaw.pl\/index.php\/strona-glowna\/nasze-mocne-strony\/","title":{"rendered":"Nasze mocne strony"},"content":{"rendered":"<div class=\"wpb-content-wrapper\"><p>[vc_row][vc_column][vc_column_text css=&#8221;&#8221;]<\/p>\n<div class=\"entry-content\">\n<ul>\n<li><span style=\"font-size: 14pt\">pracujemy programem Nasze Przedszkole, Program edukacji przedszkolnej wspomagaj\u0105cy rozw\u00f3j aktywno\u015bci dzieci; autorzy Wies\u0142awa \u017baba \u2013 \u017babi\u0144ska i Ma\u0142gorzata Kwa\u015bniewska.<\/span><\/li>\n<li><span style=\"font-size: 14pt\">pracujemy uzupe\u0142niaj\u0105cymi programami opracowanymi przez naszych nauczycieli zgodnymi z podstaw\u0105 programow\u0105: \u201eWroc\u0142aw moje miasto\u201d dla dzieci 3 \u2013 6 letnich \u2013 autor Rada Pedagogiczna\u2013 realizowany we wszystkich grupach wiekowych; Przedszkolni ekolodzy\u201d \u2013 program uzupe\u0142niaj\u0105cy edukacji ekologicznej\u00a0 \u2013 autor Pani Elwira\u00a0 \u2013 realizowane we wszystkich grupach; \u201ePrzedszkolak wie co jest dobre a co nie\u201d program edukacji zdrowotnej realizowany we wszystkich grupach wiekowych \u2013 autor Pani Asia; Wirusom nie damy si\u0119 autor Pani Danuta realizowany we wszystkich grupach.<br \/>\n<\/span><\/li>\n<li><span style=\"font-size: 14pt\">wykorzystujemy elementy programu E. Gruszczyk \u2013 Kolczy\u0144skiej \u201eDzieci\u0119ca matematyka\u201d. Poprzez zabaw\u0119 \u015bwiat matematyki staje si\u0119 dla dziecka bardziej zrozumia\u0142y<\/span><\/li>\n<li><span style=\"font-size: 14pt\">posiadamy wykwalifikowan\u0105 kadr\u0119 pedagogiczn\u0105, kt\u00f3ra zapewnia efektywne nauczanie i wychowanie dziecka w wieku 3 \u2013 7 lat<\/span><\/li>\n<li><span style=\"font-size: 14pt\">gwarantujemy mi\u0142\u0105 i rodzinn\u0105 atmosfer\u0119, zapewniaj\u0105c\u0105 wszystkim dzieciom a szczeg\u00f3lnie tym, kt\u00f3re pierwszy raz przekraczaj\u0105 pr\u00f3g przedszkola, poczucie bezpiecze\u0144stwa, tak wa\u017cne w tym okresie rozwojowym<\/span><\/li>\n<li><span style=\"font-size: 14pt\">w\u0142asna kuchnia: oferujemy trzy posi\u0142ki dziennie, raz na dwa tygodnie pieczemy domowe ciasto a codzienny podwieczorek uzupe\u0142niony jest porcj\u0105 witamin w postaci owocu. Potrawy przygotowywane s\u0105 w piecu konwekcyjnym.Kalendarz imprez i uroczysto\u015bci przedszkolnych modyfikowany jest co roku.<\/span><span style=\"font-size: 14pt\"><br \/>\n<\/span><\/li>\n<\/ul>\n<\/div>\n<p>[\/vc_column_text][\/vc_column][\/vc_row]<\/p>\n<\/div>","protected":false},"excerpt":{"rendered":"<p>[vc_row][vc_column][vc_column_text css=&#8221;&#8221;] pracujemy programem Nasze Przedszkole, Program edukacji przedszkolnej wspomagaj\u0105cy rozw\u00f3j aktywno\u015bci dzieci; autorzy Wies\u0142awa \u017baba \u2013 \u017babi\u0144ska i Ma\u0142gorzata Kwa\u015bniewska. pracujemy uzupe\u0142niaj\u0105cymi programami opracowanymi przez naszych nauczycieli zgodnymi z [&hellip;]<\/p>\n","protected":false},"author":72,"featured_media":0,"parent":16,"menu_order":0,"comment_status":"closed","ping_status":"closed","template":"","meta":{"ngg_post_thumbnail":0,"footnotes":""},"class_list":["post-36","page","type-page","status-publish","hentry","clearfix"],"_links":{"self":[{"href":"https:\/\/przedszkole113.edu.wroclaw.pl\/index.php\/wp-json\/wp\/v2\/pages\/36","targetHints":{"allow":["GET"]}}],"collection":[{"href":"https:\/\/przedszkole113.edu.wroclaw.pl\/index.php\/wp-json\/wp\/v2\/pages"}],"about":[{"href":"https:\/\/przedszkole113.edu.wroclaw.pl\/index.php\/wp-json\/wp\/v2\/types\/page"}],"author":[{"embeddable":true,"href":"https:\/\/przedszkole113.edu.wroclaw.pl\/index.php\/wp-json\/wp\/v2\/users\/72"}],"replies":[{"embeddable":true,"href":"https:\/\/przedszkole113.edu.wroclaw.pl\/index.php\/wp-json\/wp\/v2\/comments?post=36"}],"version-history":[{"count":6,"href":"https:\/\/przedszkole113.edu.wroclaw.pl\/index.php\/wp-json\/wp\/v2\/pages\/36\/revisions"}],"predecessor-version":[{"id":2094,"href":"https:\/\/przedszkole113.edu.wroclaw.pl\/index.php\/wp-json\/wp\/v2\/pages\/36\/revisions\/2094"}],"up":[{"embeddable":true,"href":"https:\/\/przedszkole113.edu.wroclaw.pl\/index.php\/wp-json\/wp\/v2\/pages\/16"}],"wp:attachment":[{"href":"https:\/\/przedszkole113.edu.wroclaw.pl\/index.php\/wp-json\/wp\/v2\/media?parent=36"}],"curies":[{"name":"wp","href":"https:\/\/api.w.org\/{rel}","templated":true}]}}