
{"id":820,"date":"2022-07-20T19:21:54","date_gmt":"2022-07-20T17:21:54","guid":{"rendered":"https:\/\/przedszkole113.edu.wroclaw.pl\/?page_id=820"},"modified":"2025-09-16T19:58:22","modified_gmt":"2025-09-16T17:58:22","slug":"rodo","status":"publish","type":"page","link":"https:\/\/przedszkole113.edu.wroclaw.pl\/index.php\/rodo\/","title":{"rendered":"RODO"},"content":{"rendered":"<div class=\"wpb-content-wrapper\"><p>[vc_row][vc_column][vc_column_text css=&#8221;&#8221;]<\/p>\n<div class=\"vc_row wpb_row vc_row-fluid\">\n<div class=\"wpb_column vc_column_container vc_col-sm-12\">\n<div class=\"vc_column-inner\">\n<div class=\"wpb_wrapper\">\n<div class=\"wpb_text_column wpb_content_element \">\n<div class=\"wpb_wrapper\">\n<p data-normal-size=\"14\">Realizuj\u0105c wytyczne RODO Przedszkole nr 113 \u201eAkademia Przedszkolaka\u201d informuje, \u017ce naszym Inspektorem Ochrony Danych Osobowych jest Pan Tomasz Grzybowski, CORE Consulting Sp. z o.o., ul. Stary Rynek 16, 61-671 Pozna\u0144.<\/p>\n<p data-normal-size=\"14\">Z Inspektorem Ochrony Danych mo\u017cna kontaktowa\u0107 si\u0119 na wy\u017cej wymieniony adres pocztowy lub elektronicznie: <span id=\"cloak64fa86991825a38b88a1d17a40784886\"><a href=\"mailto:inspektor@coreconsulting.pl\">inspektor@coreconsulting.pl<\/a><\/span>.<\/p>\n<p>ZASADY PRZETWARZANIA DANYCH OSOBOWYCH \u2013 informacje w za\u0142\u0105cznikach:<\/p>\n<p><a href=\"https:\/\/przedszkole113.edu.wroclaw.pl\/wp-content\/uploads\/sites\/50\/2024\/09\/Zal.-7.-Klauzula-zlozenie-pisma-w-placowce-1.pdf\">Za\u0142. 7. Klauzula &#8211; z\u0142o\u017cenie pisma w plac\u00f3wce<\/a>;<\/p>\n<p><a href=\"https:\/\/przedszkole113.edu.wroclaw.pl\/wp-content\/uploads\/sites\/50\/2024\/09\/Zal.-7b.-Klauzula-postepowanie-administracyjne.pdf\">Za\u0142. 7b. Klauzula post\u0119powanie administracyjne<\/a>;<\/p>\n<p><a href=\"https:\/\/przedszkole113.edu.wroclaw.pl\/wp-content\/uploads\/sites\/50\/2024\/09\/Zal.-7c.-Klauzula-korespondencja-elektroniczna.pdf\">Za\u0142. 7c. Klauzula &#8211; korespondencja elektroniczna<\/a>;<\/p>\n<p><a href=\"https:\/\/przedszkole113.edu.wroclaw.pl\/wp-content\/uploads\/sites\/50\/2024\/09\/Zal.-7e.-Klauzula-strona-www.pdf\">Za\u0142. 7e. Klauzula &#8211; strona www<\/a>;<\/p>\n<p><a href=\"https:\/\/przedszkole113.edu.wroclaw.pl\/wp-content\/uploads\/sites\/50\/2024\/09\/Zal.-7f.-Klauzula-umowa.pdf\">Za\u0142. 7f. Klauzula &#8211; umowa<\/a>;<\/p>\n<p><a href=\"https:\/\/przedszkole113.edu.wroclaw.pl\/wp-content\/uploads\/sites\/50\/2024\/09\/Zal.-7g.-Klauzula-zamowienia-publicznex.pdf\">Za\u0142. 7g. Klauzula &#8211; zam\u00f3wienia publiczne;<\/a><\/p>\n<p><a href=\"https:\/\/przedszkole113.edu.wroclaw.pl\/wp-content\/uploads\/sites\/50\/2024\/09\/Zal.-7h.-Klauzula-umowa-najmu.pdf\">Za\u0142. 7h. Klauzula &#8211; umowa najmu<\/a><\/p>\n<p><a href=\"https:\/\/przedszkole113.edu.wroclaw.pl\/wp-content\/uploads\/sites\/50\/2024\/09\/xZal.-7j.-Kauzula-wolontariusz.pdf\">Za\u0142. 7j. Klauzula &#8211; wolontariusz;<\/a><\/p>\n<p><a href=\"https:\/\/przedszkole113.edu.wroclaw.pl\/wp-content\/uploads\/sites\/50\/2024\/09\/xZal.-7k.-Klauzula-rekrutacja-pracownika.pdf\">Za\u0142. 7k. Klauzula &#8211; rekrutacja pracownika;<\/a><\/p>\n<p><a href=\"https:\/\/przedszkole113.edu.wroclaw.pl\/wp-content\/uploads\/sites\/50\/2024\/09\/xZal.-7l.-Klauzula-pracownik-nauczyciel.pdf\">Za\u0142. 7l. Klauzula &#8211; pracownik &#8211; nauczyciel;<\/a><\/p>\n<p><a href=\"https:\/\/przedszkole113.edu.wroclaw.pl\/wp-content\/uploads\/sites\/50\/2024\/09\/xZal.-7m.-Klauzula-pracownik-samorzadowy.pdf\">Za\u0142. 7m. Klauzula &#8211; pracownik samorz\u0105dowy;<\/a><\/p>\n<p><a href=\"https:\/\/przedszkole113.edu.wroclaw.pl\/wp-content\/uploads\/sites\/50\/2024\/09\/xZal.-7n.-Klauzula-edukacja-dziecka-w-placowce.pdf\">Za\u0142. 7n. Klauzula &#8211; edukacja dziecka w plac\u00f3wce;<\/a><\/p>\n<p><a href=\"https:\/\/przedszkole113.edu.wroclaw.pl\/wp-content\/uploads\/sites\/50\/2024\/09\/xZal.-7p.-Klauzula-opiekun-wycieczki.pdf\">Za\u0142. 7p. Klauzula &#8211; opiekun wycieczki;<\/a><\/p>\n<p><a href=\"https:\/\/przedszkole113.edu.wroclaw.pl\/wp-content\/uploads\/sites\/50\/2024\/09\/xZal.-7r.-Klauzula-przyjecie-dziecka-w-ramach-dyzuru-wakacyjnego.pdf\">Za\u0142. 7r. Klauzula &#8211; przyj\u0119cie dziecka w ramach dy\u017curu wakacyjnego;<\/a><\/p>\n<p><a href=\"https:\/\/przedszkole113.edu.wroclaw.pl\/wp-content\/uploads\/sites\/50\/2024\/09\/xZal.-7s-Klauzula-praca-spolecznie-uzyteczna.pdf\">Za\u0142. 7s Klauzula &#8211; praca spo\u0142ecznie u\u017cyteczna;<\/a><\/p>\n<p><a href=\"https:\/\/przedszkole113.edu.wroclaw.pl\/wp-content\/uploads\/sites\/50\/2024\/09\/xZal.-7u.-Klauzula-praktykanci.pdf\">Za\u0142. 7u. Klauzula praktykanci;<\/a><\/p>\n<p><a href=\"https:\/\/przedszkole113.edu.wroclaw.pl\/wp-content\/uploads\/sites\/50\/2024\/09\/xZal.-7x.-Klauzula-dla-osob-upowaznionych-do-odbioru-dziecka-z-przedszkola.pdf\">Za\u0142. 7x. Klauzula &#8211; dla os\u00f3b upowa\u017cnionych do odbioru dziecka z przedszkola;<\/a><\/p>\n<p><a href=\"https:\/\/przedszkole113.edu.wroclaw.pl\/wp-content\/uploads\/sites\/50\/2024\/09\/xZal.-8.-Zgoda-na-wizerunek-.pdf\">Za\u0142. 8. Zgoda na wizerunek<\/a><\/p>\n<p>&nbsp;<\/p>\n<p>&nbsp;<\/p>\n<\/div>\n<\/div>\n<\/div>\n<\/div>\n<\/div>\n<\/div>\n<p>[\/vc_column_text][\/vc_column][\/vc_row]<\/p>\n<\/div>","protected":false},"excerpt":{"rendered":"<p>[vc_row][vc_column][vc_column_text css=&#8221;&#8221;] Realizuj\u0105c wytyczne RODO Przedszkole nr 113 \u201eAkademia Przedszkolaka\u201d informuje, \u017ce naszym Inspektorem Ochrony Danych Osobowych jest Pan Tomasz Grzybowski, CORE Consulting Sp. z o.o., ul. Stary Rynek 16, [&hellip;]<\/p>\n","protected":false},"author":162,"featured_media":0,"parent":0,"menu_order":0,"comment_status":"closed","ping_status":"closed","template":"","meta":{"ngg_post_thumbnail":0,"footnotes":""},"class_list":["post-820","page","type-page","status-publish","hentry","clearfix"],"_links":{"self":[{"href":"https:\/\/przedszkole113.edu.wroclaw.pl\/index.php\/wp-json\/wp\/v2\/pages\/820","targetHints":{"allow":["GET"]}}],"collection":[{"href":"https:\/\/przedszkole113.edu.wroclaw.pl\/index.php\/wp-json\/wp\/v2\/pages"}],"about":[{"href":"https:\/\/przedszkole113.edu.wroclaw.pl\/index.php\/wp-json\/wp\/v2\/types\/page"}],"author":[{"embeddable":true,"href":"https:\/\/przedszkole113.edu.wroclaw.pl\/index.php\/wp-json\/wp\/v2\/users\/162"}],"replies":[{"embeddable":true,"href":"https:\/\/przedszkole113.edu.wroclaw.pl\/index.php\/wp-json\/wp\/v2\/comments?post=820"}],"version-history":[{"count":15,"href":"https:\/\/przedszkole113.edu.wroclaw.pl\/index.php\/wp-json\/wp\/v2\/pages\/820\/revisions"}],"predecessor-version":[{"id":2090,"href":"https:\/\/przedszkole113.edu.wroclaw.pl\/index.php\/wp-json\/wp\/v2\/pages\/820\/revisions\/2090"}],"wp:attachment":[{"href":"https:\/\/przedszkole113.edu.wroclaw.pl\/index.php\/wp-json\/wp\/v2\/media?parent=820"}],"curies":[{"name":"wp","href":"https:\/\/api.w.org\/{rel}","templated":true}]}}

<div class="wpb-content-wrapper"><p>[vc_row][vc_column][vc_column_text css=&#8221;&#8221;]</p>
<div class="vc_row wpb_row vc_row-fluid">
<div class="wpb_column vc_column_container vc_col-sm-12">
<div class="vc_column-inner">
<div class="wpb_wrapper">
<div class="wpb_text_column wpb_content_element ">
<div class="wpb_wrapper">
<p data-normal-size="14">Realizując wytyczne RODO Przedszkole nr 113 „Akademia Przedszkolaka” informuje, że naszym Inspektorem Ochrony Danych Osobowych jest Pan Tomasz Grzybowski, CORE Consulting Sp. z o.o., ul. Stary Rynek 16, 61-671 Poznań.</p>
<p data-normal-size="14">Z Inspektorem Ochrony Danych można kontaktować się na wyżej wymieniony adres pocztowy lub elektronicznie: <span id="cloak64fa86991825a38b88a1d17a40784886"><a href="mailto:inspektor@coreconsulting.pl">inspektor@coreconsulting.pl</a></span>.</p>
<p>ZASADY PRZETWARZANIA DANYCH OSOBOWYCH – informacje w załącznikach:</p>
<p><a href="https://przedszkole113.edu.wroclaw.pl/wp-content/uploads/sites/50/2024/09/Zal.-7.-Klauzula-zlozenie-pisma-w-placowce-1.pdf">Zał. 7. Klauzula &#8211; złożenie pisma w placówce</a>;</p>
<p><a href="https://przedszkole113.edu.wroclaw.pl/wp-content/uploads/sites/50/2024/09/Zal.-7b.-Klauzula-postepowanie-administracyjne.pdf">Zał. 7b. Klauzula postępowanie administracyjne</a>;</p>
<p><a href="https://przedszkole113.edu.wroclaw.pl/wp-content/uploads/sites/50/2024/09/Zal.-7c.-Klauzula-korespondencja-elektroniczna.pdf">Zał. 7c. Klauzula &#8211; korespondencja elektroniczna</a>;</p>
<p><a href="https://przedszkole113.edu.wroclaw.pl/wp-content/uploads/sites/50/2024/09/Zal.-7e.-Klauzula-strona-www.pdf">Zał. 7e. Klauzula &#8211; strona www</a>;</p>
<p><a href="https://przedszkole113.edu.wroclaw.pl/wp-content/uploads/sites/50/2024/09/Zal.-7f.-Klauzula-umowa.pdf">Zał. 7f. Klauzula &#8211; umowa</a>;</p>
<p><a href="https://przedszkole113.edu.wroclaw.pl/wp-content/uploads/sites/50/2024/09/Zal.-7g.-Klauzula-zamowienia-publicznex.pdf">Zał. 7g. Klauzula &#8211; zamówienia publiczne;</a></p>
<p><a href="https://przedszkole113.edu.wroclaw.pl/wp-content/uploads/sites/50/2024/09/Zal.-7h.-Klauzula-umowa-najmu.pdf">Zał. 7h. Klauzula &#8211; umowa najmu</a></p>
<p><a href="https://przedszkole113.edu.wroclaw.pl/wp-content/uploads/sites/50/2024/09/xZal.-7j.-Kauzula-wolontariusz.pdf">Zał. 7j. Klauzula &#8211; wolontariusz;</a></p>
<p><a href="https://przedszkole113.edu.wroclaw.pl/wp-content/uploads/sites/50/2024/09/xZal.-7k.-Klauzula-rekrutacja-pracownika.pdf">Zał. 7k. Klauzula &#8211; rekrutacja pracownika;</a></p>
<p><a href="https://przedszkole113.edu.wroclaw.pl/wp-content/uploads/sites/50/2024/09/xZal.-7l.-Klauzula-pracownik-nauczyciel.pdf">Zał. 7l. Klauzula &#8211; pracownik &#8211; nauczyciel;</a></p>
<p><a href="https://przedszkole113.edu.wroclaw.pl/wp-content/uploads/sites/50/2024/09/xZal.-7m.-Klauzula-pracownik-samorzadowy.pdf">Zał. 7m. Klauzula &#8211; pracownik samorządowy;</a></p>
<p><a href="https://przedszkole113.edu.wroclaw.pl/wp-content/uploads/sites/50/2024/09/xZal.-7n.-Klauzula-edukacja-dziecka-w-placowce.pdf">Zał. 7n. Klauzula &#8211; edukacja dziecka w placówce;</a></p>
<p><a href="https://przedszkole113.edu.wroclaw.pl/wp-content/uploads/sites/50/2024/09/xZal.-7p.-Klauzula-opiekun-wycieczki.pdf">Zał. 7p. Klauzula &#8211; opiekun wycieczki;</a></p>
<p><a href="https://przedszkole113.edu.wroclaw.pl/wp-content/uploads/sites/50/2024/09/xZal.-7r.-Klauzula-przyjecie-dziecka-w-ramach-dyzuru-wakacyjnego.pdf">Zał. 7r. Klauzula &#8211; przyjęcie dziecka w ramach dyżuru wakacyjnego;</a></p>
<p><a href="https://przedszkole113.edu.wroclaw.pl/wp-content/uploads/sites/50/2024/09/xZal.-7s-Klauzula-praca-spolecznie-uzyteczna.pdf">Zał. 7s Klauzula &#8211; praca społecznie użyteczna;</a></p>
<p><a href="https://przedszkole113.edu.wroclaw.pl/wp-content/uploads/sites/50/2024/09/xZal.-7u.-Klauzula-praktykanci.pdf">Zał. 7u. Klauzula praktykanci;</a></p>
<p><a href="https://przedszkole113.edu.wroclaw.pl/wp-content/uploads/sites/50/2024/09/xZal.-7x.-Klauzula-dla-osob-upowaznionych-do-odbioru-dziecka-z-przedszkola.pdf">Zał. 7x. Klauzula &#8211; dla osób upoważnionych do odbioru dziecka z przedszkola;</a></p>
<p><a href="https://przedszkole113.edu.wroclaw.pl/wp-content/uploads/sites/50/2024/09/xZal.-8.-Zgoda-na-wizerunek-.pdf">Zał. 8. Zgoda na wizerunek</a></p>
<p>&nbsp;</p>
<p>&nbsp;</p>
</div>
</div>
</div>
</div>
</div>
</div>
<p>[/vc_column_text][/vc_column][/vc_row]</p>
</div>

<p>[vc_row][vc_column][vc_column_text css=&#8221;&#8221;] Realizując wytyczne RODO Przedszkole nr 113 „Akademia Przedszkolaka” informuje, że naszym Inspektorem Ochrony Danych Osobowych jest Pan Tomasz Grzybowski, CORE Consulting Sp. z o.o., ul. Stary Rynek 16, [&hellip;]</p>
